{"id":21,"date":"2024-06-04T15:27:02","date_gmt":"2024-06-04T12:27:02","guid":{"rendered":"https:\/\/www.sammalvuo.fi\/?page_id=21"},"modified":"2024-11-14T14:44:45","modified_gmt":"2024-11-14T12:44:45","slug":"traductor-autorizado","status":"publish","type":"page","link":"https:\/\/www.sammalvuo.fi\/?page_id=21","title":{"rendered":"Traductor autorizado"},"content":{"rendered":"\n<p>Soy traductor autorizado (tambi\u00e9n conocido como traductor jurado o traductor oficial) de espa\u00f1ol a fin\u00e9s. Los traductores autorizados tenemos el derecho de realizar traducciones autorizadas u oficiales.<\/p>\n\n\n\n<p>Me licenci\u00e9 en la Universidad de Turku con un m\u00e1ster en Traducci\u00f3n de Espa\u00f1ol en 2016 y he sido traductor autorizado desde febrero de 2017.<\/p>\n\n\n\n<p><strong>\u00bfCu\u00e1ndo es necesario una traducci\u00f3n autorizada?<\/strong><\/p>\n\n\n\n<p>La situaci\u00f3n m\u00e1s com\u00fan en la que se requiere una traducci\u00f3n autorizada es cuando se presenta un documento (por ejemplo, un certificado de solter\u00eda o una escritura de herencia) a una autoridad de otro pa\u00eds. La necesidad de una traducci\u00f3n autorizada suele ser comunicada al cliente por la autoridad que recibe el documento. En el caso de contratos u otros documentos entre particulares o entidades, generalmente no es necesario que la traducci\u00f3n sea autorizada. V\u00e9ase tambi\u00e9n <a href=\"https:\/\/www.sktl.fi\/kaantaminen_ja_tulkkaus\/auktorisoitu-kaantaminen\/\">Auktorisoitu k\u00e4\u00e4nt\u00e4minen &#8211; Suomen k\u00e4\u00e4nt\u00e4jien ja tulkkien liitto (sktl.fi<\/a>) (en fin\u00e9s).<\/p>\n\n\n\n<p><strong>\u00bfCu\u00e1nto cuesta una traducci\u00f3n jur\u00eddicamente v\u00e1lida?<\/strong><\/p>\n\n\n\n<p>Mi tarifa b\u00e1sica para un texto est\u00e1ndar es de 0,30 euros por palabra del idioma de origen (+ 2 euros por nota del traductor) y 20 euros por una certificaci\u00f3n de traductor autorizado. Actualmente, el plazo de entrega t\u00edpico es de aproximadamente una semana.<\/p>\n\n\n\n<p><strong>Necesito una traducci\u00f3n autorizada. \u00bfQu\u00e9 hacer?<\/strong><\/p>\n\n\n\n<p>En principio, para una traducci\u00f3n jur\u00eddicamente v\u00e1lida, siempre se requiere un documento original. El requisito lo determina la autoridad que recibe la traducci\u00f3n. Adem\u00e1s, el documento debe estar legalizado antes de la traducci\u00f3n. V\u00e9ase <a href=\"https:\/\/www.sktl.fi\/kaantaminen_ja_tulkkaus\/auktorisoitu-kaantaminen\/auktorisoidun-kaantajan-ohjeet\/3-asiakirjan-laillistaminen-kans\/\">Asiakirjan laillistaminen kansainv\u00e4lisess\u00e4 asiakirjaliikenteess\u00e4 &#8211; Suomen k\u00e4\u00e4nt\u00e4jien ja tulkkien liitto (sktl.fi)<\/a> (en fin\u00e9s). Tenga en cuenta que es necesario que el traductor autorizado conozca la finalidad de la traducci\u00f3n y la autoridad que la recibir\u00e1.<\/p>\n\n\n\n<p><strong>Otras combinaciones ling\u00fc\u00edsticas<\/strong><\/p>\n\n\n\n<p>Tambi\u00e9n traduzco de ingl\u00e9s y sueco a fin\u00e9s, pero en estos idiomas no estoy autorizado para hacer traducciones oficiales. Mi tarifa es la misma que para las traducciones de espa\u00f1ol a fin\u00e9s, es decir, 0,30 euros por palabra del idioma de origen.<\/p>\n\n\n\n<p>\u00a1<strong>P\u00f3ngase en contacto<\/strong>!<\/p>\n\n\n\n<p>Solicite m\u00e1s informaci\u00f3n por correo electr\u00f3nico tapani (a) sammalvuo.fi.<\/p>\n","protected":false},"excerpt":{"rendered":"<p>Soy traductor autorizado (tambi\u00e9n conocido como traductor jurado o traductor oficial) de espa\u00f1ol a fin\u00e9s. Los traductores autorizados tenemos el derecho de realizar traducciones autorizadas u oficiales. Me licenci\u00e9 en la Universidad de Turku con un m\u00e1ster en Traducci\u00f3n de Espa\u00f1ol en 2016 y he sido traductor autorizado desde febrero de 2017. \u00bfCu\u00e1ndo es necesario [&hellip;]<\/p>\n","protected":false},"author":1,"featured_media":0,"parent":0,"menu_order":0,"comment_status":"closed","ping_status":"closed","template":"","meta":{"footnotes":""},"class_list":["post-21","page","type-page","status-publish","hentry"],"yoast_head":"<!-- This site is optimized with the Yoast SEO plugin v27.5 - https:\/\/yoast.com\/product\/yoast-seo-wordpress\/ -->\n<title>Traductor autorizado - Tapani Sammalvuo<\/title>\n<meta name=\"robots\" content=\"index, follow, max-snippet:-1, max-image-preview:large, max-video-preview:-1\" \/>\n<link rel=\"canonical\" href=\"https:\/\/www.sammalvuo.fi\/?page_id=21\" \/>\n<meta property=\"og:locale\" content=\"fi_FI\" \/>\n<meta property=\"og:type\" content=\"article\" \/>\n<meta property=\"og:title\" content=\"Traductor autorizado - Tapani Sammalvuo\" \/>\n<meta property=\"og:description\" content=\"Soy traductor autorizado (tambi\u00e9n conocido como traductor jurado o traductor oficial) de espa\u00f1ol a fin\u00e9s. Los traductores autorizados tenemos el derecho de realizar traducciones autorizadas u oficiales. Me licenci\u00e9 en la Universidad de Turku con un m\u00e1ster en Traducci\u00f3n de Espa\u00f1ol en 2016 y he sido traductor autorizado desde febrero de 2017. \u00bfCu\u00e1ndo es necesario [&hellip;]\" \/>\n<meta property=\"og:url\" content=\"https:\/\/www.sammalvuo.fi\/?page_id=21\" \/>\n<meta property=\"og:site_name\" content=\"Tapani Sammalvuo\" \/>\n<meta property=\"article:modified_time\" content=\"2024-11-14T12:44:45+00:00\" \/>\n<meta property=\"og:image\" content=\"https:\/\/www.sammalvuo.fi\/wp-content\/uploads\/2024\/06\/cropped-Tapani-takakansi-mv-scaled-1.jpg\" \/>\n\t<meta property=\"og:image:width\" content=\"512\" \/>\n\t<meta property=\"og:image:height\" content=\"512\" \/>\n\t<meta property=\"og:image:type\" content=\"image\/jpeg\" \/>\n<meta name=\"twitter:card\" content=\"summary_large_image\" \/>\n<meta name=\"twitter:label1\" content=\"Arvioitu lukuaika\" \/>\n\t<meta name=\"twitter:data1\" content=\"2 minuuttia\" \/>\n<script type=\"application\/ld+json\" class=\"yoast-schema-graph\">{\"@context\":\"https:\\\/\\\/schema.org\",\"@graph\":[{\"@type\":\"WebPage\",\"@id\":\"https:\\\/\\\/www.sammalvuo.fi\\\/?page_id=21\",\"url\":\"https:\\\/\\\/www.sammalvuo.fi\\\/?page_id=21\",\"name\":\"Traductor autorizado - Tapani Sammalvuo\",\"isPartOf\":{\"@id\":\"https:\\\/\\\/www.sammalvuo.fi\\\/#website\"},\"datePublished\":\"2024-06-04T12:27:02+00:00\",\"dateModified\":\"2024-11-14T12:44:45+00:00\",\"breadcrumb\":{\"@id\":\"https:\\\/\\\/www.sammalvuo.fi\\\/?page_id=21#breadcrumb\"},\"inLanguage\":\"fi\",\"potentialAction\":[{\"@type\":\"ReadAction\",\"target\":[\"https:\\\/\\\/www.sammalvuo.fi\\\/?page_id=21\"]}]},{\"@type\":\"BreadcrumbList\",\"@id\":\"https:\\\/\\\/www.sammalvuo.fi\\\/?page_id=21#breadcrumb\",\"itemListElement\":[{\"@type\":\"ListItem\",\"position\":1,\"name\":\"Etusivu\",\"item\":\"https:\\\/\\\/www.sammalvuo.fi\\\/\"},{\"@type\":\"ListItem\",\"position\":2,\"name\":\"Traductor autorizado\"}]},{\"@type\":\"WebSite\",\"@id\":\"https:\\\/\\\/www.sammalvuo.fi\\\/#website\",\"url\":\"https:\\\/\\\/www.sammalvuo.fi\\\/\",\"name\":\"Tapani Sammalvuo\",\"description\":\"Shakin kansainv\u00e4linen mestari, auktorisoitu k\u00e4\u00e4nt\u00e4j\u00e4, kielitieteilij\u00e4\",\"publisher\":{\"@id\":\"https:\\\/\\\/www.sammalvuo.fi\\\/#\\\/schema\\\/person\\\/dc00c2b2a541f77c2dc2a843c2be179a\"},\"potentialAction\":[{\"@type\":\"SearchAction\",\"target\":{\"@type\":\"EntryPoint\",\"urlTemplate\":\"https:\\\/\\\/www.sammalvuo.fi\\\/?s={search_term_string}\"},\"query-input\":{\"@type\":\"PropertyValueSpecification\",\"valueRequired\":true,\"valueName\":\"search_term_string\"}}],\"inLanguage\":\"fi\"},{\"@type\":[\"Person\",\"Organization\"],\"@id\":\"https:\\\/\\\/www.sammalvuo.fi\\\/#\\\/schema\\\/person\\\/dc00c2b2a541f77c2dc2a843c2be179a\",\"name\":\"TapaniSammalvuo\",\"image\":{\"@type\":\"ImageObject\",\"inLanguage\":\"fi\",\"@id\":\"https:\\\/\\\/www.sammalvuo.fi\\\/wp-content\\\/uploads\\\/2024\\\/06\\\/cropped-Tapani-takakansi-mv-scaled-1.jpg\",\"url\":\"https:\\\/\\\/www.sammalvuo.fi\\\/wp-content\\\/uploads\\\/2024\\\/06\\\/cropped-Tapani-takakansi-mv-scaled-1.jpg\",\"contentUrl\":\"https:\\\/\\\/www.sammalvuo.fi\\\/wp-content\\\/uploads\\\/2024\\\/06\\\/cropped-Tapani-takakansi-mv-scaled-1.jpg\",\"width\":512,\"height\":512,\"caption\":\"TapaniSammalvuo\"},\"logo\":{\"@id\":\"https:\\\/\\\/www.sammalvuo.fi\\\/wp-content\\\/uploads\\\/2024\\\/06\\\/cropped-Tapani-takakansi-mv-scaled-1.jpg\"}}]}<\/script>\n<!-- \/ Yoast SEO plugin. -->","yoast_head_json":{"title":"Traductor autorizado - Tapani Sammalvuo","robots":{"index":"index","follow":"follow","max-snippet":"max-snippet:-1","max-image-preview":"max-image-preview:large","max-video-preview":"max-video-preview:-1"},"canonical":"https:\/\/www.sammalvuo.fi\/?page_id=21","og_locale":"fi_FI","og_type":"article","og_title":"Traductor autorizado - Tapani Sammalvuo","og_description":"Soy traductor autorizado (tambi\u00e9n conocido como traductor jurado o traductor oficial) de espa\u00f1ol a fin\u00e9s. Los traductores autorizados tenemos el derecho de realizar traducciones autorizadas u oficiales. Me licenci\u00e9 en la Universidad de Turku con un m\u00e1ster en Traducci\u00f3n de Espa\u00f1ol en 2016 y he sido traductor autorizado desde febrero de 2017. \u00bfCu\u00e1ndo es necesario [&hellip;]","og_url":"https:\/\/www.sammalvuo.fi\/?page_id=21","og_site_name":"Tapani Sammalvuo","article_modified_time":"2024-11-14T12:44:45+00:00","og_image":[{"width":512,"height":512,"url":"https:\/\/www.sammalvuo.fi\/wp-content\/uploads\/2024\/06\/cropped-Tapani-takakansi-mv-scaled-1.jpg","type":"image\/jpeg"}],"twitter_card":"summary_large_image","twitter_misc":{"Arvioitu lukuaika":"2 minuuttia"},"schema":{"@context":"https:\/\/schema.org","@graph":[{"@type":"WebPage","@id":"https:\/\/www.sammalvuo.fi\/?page_id=21","url":"https:\/\/www.sammalvuo.fi\/?page_id=21","name":"Traductor autorizado - Tapani Sammalvuo","isPartOf":{"@id":"https:\/\/www.sammalvuo.fi\/#website"},"datePublished":"2024-06-04T12:27:02+00:00","dateModified":"2024-11-14T12:44:45+00:00","breadcrumb":{"@id":"https:\/\/www.sammalvuo.fi\/?page_id=21#breadcrumb"},"inLanguage":"fi","potentialAction":[{"@type":"ReadAction","target":["https:\/\/www.sammalvuo.fi\/?page_id=21"]}]},{"@type":"BreadcrumbList","@id":"https:\/\/www.sammalvuo.fi\/?page_id=21#breadcrumb","itemListElement":[{"@type":"ListItem","position":1,"name":"Etusivu","item":"https:\/\/www.sammalvuo.fi\/"},{"@type":"ListItem","position":2,"name":"Traductor autorizado"}]},{"@type":"WebSite","@id":"https:\/\/www.sammalvuo.fi\/#website","url":"https:\/\/www.sammalvuo.fi\/","name":"Tapani Sammalvuo","description":"Shakin kansainv\u00e4linen mestari, auktorisoitu k\u00e4\u00e4nt\u00e4j\u00e4, kielitieteilij\u00e4","publisher":{"@id":"https:\/\/www.sammalvuo.fi\/#\/schema\/person\/dc00c2b2a541f77c2dc2a843c2be179a"},"potentialAction":[{"@type":"SearchAction","target":{"@type":"EntryPoint","urlTemplate":"https:\/\/www.sammalvuo.fi\/?s={search_term_string}"},"query-input":{"@type":"PropertyValueSpecification","valueRequired":true,"valueName":"search_term_string"}}],"inLanguage":"fi"},{"@type":["Person","Organization"],"@id":"https:\/\/www.sammalvuo.fi\/#\/schema\/person\/dc00c2b2a541f77c2dc2a843c2be179a","name":"TapaniSammalvuo","image":{"@type":"ImageObject","inLanguage":"fi","@id":"https:\/\/www.sammalvuo.fi\/wp-content\/uploads\/2024\/06\/cropped-Tapani-takakansi-mv-scaled-1.jpg","url":"https:\/\/www.sammalvuo.fi\/wp-content\/uploads\/2024\/06\/cropped-Tapani-takakansi-mv-scaled-1.jpg","contentUrl":"https:\/\/www.sammalvuo.fi\/wp-content\/uploads\/2024\/06\/cropped-Tapani-takakansi-mv-scaled-1.jpg","width":512,"height":512,"caption":"TapaniSammalvuo"},"logo":{"@id":"https:\/\/www.sammalvuo.fi\/wp-content\/uploads\/2024\/06\/cropped-Tapani-takakansi-mv-scaled-1.jpg"}}]}},"_links":{"self":[{"href":"https:\/\/www.sammalvuo.fi\/index.php?rest_route=\/wp\/v2\/pages\/21","targetHints":{"allow":["GET"]}}],"collection":[{"href":"https:\/\/www.sammalvuo.fi\/index.php?rest_route=\/wp\/v2\/pages"}],"about":[{"href":"https:\/\/www.sammalvuo.fi\/index.php?rest_route=\/wp\/v2\/types\/page"}],"author":[{"embeddable":true,"href":"https:\/\/www.sammalvuo.fi\/index.php?rest_route=\/wp\/v2\/users\/1"}],"replies":[{"embeddable":true,"href":"https:\/\/www.sammalvuo.fi\/index.php?rest_route=%2Fwp%2Fv2%2Fcomments&post=21"}],"version-history":[{"count":3,"href":"https:\/\/www.sammalvuo.fi\/index.php?rest_route=\/wp\/v2\/pages\/21\/revisions"}],"predecessor-version":[{"id":108,"href":"https:\/\/www.sammalvuo.fi\/index.php?rest_route=\/wp\/v2\/pages\/21\/revisions\/108"}],"wp:attachment":[{"href":"https:\/\/www.sammalvuo.fi\/index.php?rest_route=%2Fwp%2Fv2%2Fmedia&parent=21"}],"curies":[{"name":"wp","href":"https:\/\/api.w.org\/{rel}","templated":true}]}}